ors of 8568?
2, 3, 7, 17
List the prime factors of 2400.
2, 3, 5
List the prime factors of 4846.
2, 2423
What are the prime factors of 10844?
2, 2711
List the prime factors of 34604.
2, 41, 211
List the prime factors of 1805.
5, 19
List the prime factors of 10497.
3, 3499
What are the prime factors of 10238?
2, 5119
List the prime factors of 4517.
4517
List the prime factors of 17228.
2, 59, 73
List the prime factors of 7106.
2, 11, 17, 19
List the prime factors of 1398.
2, 3, 233
List the prime factors of 5344.
2, 167
What are the prime factors of 78095?
5, 15619
List the prime factors of 351.
3, 13
List the prime factors of 2149.
7, 307
What are the prime factors of 28593?
3, 353
List the prime factors of 7083.
3, 787
What are the prime factors of 40315?
5, 11, 733
List the prime factors of 710.
2, 5, 71
List the prime factors of 3573.
3, 397
What are the prime factors of 1983?
3, 661
List the prime factors of 103136.
2, 11, 293
List the prime factors of 1478.
2, 739
List the prime factors of 9020.
2, 5, 11, 41
What are the prime factors of 10236?
2, 3, 853
List the prime factors of 32.
2
What are the prime factors of 2112?
2, 3, 11
List the prime factors of 1704.
2, 3, 71
List the prime factors of 23184.
2, 3, 7, 23
What are the prime factors of 175?
5, 7
What are the prime factors of 6555?
3, 5, 19, 23
List the prime factors of 5567.
19, 293
What are the prime factors of 1432?
2, 179
What are the prime factors of 128763?
3, 19, 251
What are the prime factors of 40119?
3, 43, 311
List the prime factors of 28925.
5, 13, 89
What are the prime factors of 11713?
13, 17, 53
List the prime factors of 462.
2, 3, 7, 11
List the prime factors of 15908.
2, 41, 97
What are the prime factors of 10692?
2, 3, 11
What are the prime factors of 1482?
2, 3, 13, 19
What are the prime factors of 27010?
2, 5, 37, 73
List the prime factors of 6861.
3, 2287
What are the prime factors of 6320?
2, 5, 79
List the prime factors of 1659.
3, 7, 79
List the prime factors of 1015.
5, 7, 29
What are the prime factors of 666?
2, 3, 37
List the prime factors of 75448.
2, 9431
What are the prime factors of 8512?
2, 7, 19
List the prime factors of 806.
2, 13, 31
What are the prime factors of 939?
3, 313
List the prime factors of 6221.
6221
List the prime factors of 6103.
17, 359
List the prime factors of 25419.
3, 37, 229
What are the prime factors of 4045?
5, 809
List the prime factors of 8695.
5, 37, 47
What are the prime factors of 1234?
2, 617
What are the prime factors of 5675?
5, 227
What are the prime factors of 1080?
2, 3, 5
List the prime factors of 11855.
5, 2371
List the prime factors of 2117.
29, 73
What are the prime factors of 1387?
19, 73
What are the prime factors of 5480?
2, 5, 137
What are the prime factors of 829?
829
List the prime factors of 12900.
2, 3, 5, 43
What are the prime factors of 1403?
23, 61
List the prime factors of 14338.
2, 67, 107
What are the prime factors of 3750?
2, 3, 5
List the prime factors of 17692.
2, 4423
List the prime factors of 47849.
59, 811
List the prime factors of 79869.
3, 79, 337
List the prime factors of 1737.
3, 193
What are the prime factors of 1204?
2, 7, 43
List the prime factors of 1900.
2, 5, 19
List the prime factors of 7437.
3, 37, 67
What are the prime factors of 151?
151
What are the prime factors of 6389?
6389
List the prime factors of 2071.
19, 109
What are the prime factors of 755?
5, 151
List the prime factors of 278.
2, 139
List the prime factors of 2149.
7, 307
What are the prime factors of 423?
3, 47
What are the prime factors of 1429?
1429
What are the prime factors of 7779?
3, 2593
List the prime factors of 90626.
2, 113, 401
What are the prime factors of 56679?
3, 7, 2699
What are the prime factors of 636?
2, 3, 53
List the prime factors of 3512.
2, 439
What are the prime factors of 5602?
2, 2801
List the prime factors of 613.
613
What are the prime factors of 3489?
3, 1163
List the prime factors of 2265.
3, 5, 151
What are the prime factors of 50833?
50833
What are the prime factors of 2230?
2, 5, 223
List the prime factors of 1212.
2, 3, 101
List the prime factors of 53950.
2, 5, 13, 83
List the prime factors of 3730.
2, 5, 373
What are the prime factors of 5060?
2, 5, 11, 23
What are the prime factors of 6926?
2, 3463
List the prime factors of 739.
739
List the prime factors of 2664.
2, 3, 37
List the prime factors of 9828.
2, 3, 7, 13
What are the prime factors of 65874?
2, 3, 10979
List the prime factors of 15055.
5, 3011
List the prime factors of 797.
797
What are the prime factors of 148?
2, 37
List the prime factors of 153630.
2, 3, 5, 569
What are the prime factors of 5311?
47, 113
What are the prime factors of 3117?
3, 1039
What are the prime factors of 8887?
8887
What are the prime factors of 25591?
157, 163
List the prime factors of 7973.
7, 17, 67
List the prime factors of 83.
83
List the prime factors of 40725.
3, 5, 181
What are the prime factors of 62428?
2, 15607
What are the prime factors of 69757?
79, 883
What are the prime factors of 2026?
2, 1013
List the prime factors of 483.
3, 7, 23
What are the prime factors of 2735?
5, 547
List the prime factors of 54688.
2, 1709
List the prime factors of 1555.
5, 311
What are the prime factors of 8152?
2, 1019
What are the prime factors of 682?
2, 11, 31
What are the prime factors of 65942?
2, 32971
What are the prime factors of 4528?
2, 283
What are the prime factors of 3503?
31, 113
What are the prime factors of 3566?
2, 1783
What are the prime factors of 3481?
59
List the prime factors of 261.
3, 29
List the prime factors of 249.
3, 83
What are the prime factors of 248?
2, 31
List the prime factors of 43297.
29, 1493
List the prime factors of 62796.
2, 3, 5233
List the prime factors of 41477.
19, 37, 59
What are the prime factors of 1301?
1301
List the prime factors of 1405.
5, 281
What are the prime factors of 55392?
2, 3, 577
List the prime factors of 33648.
2, 3, 701
List the prime factors of 7804.
2, 1951
List the prime factors of 18936.
2, 3, 263
List the prime factors of 18034.
2, 71, 127
List the prime factors of 4735.
5, 947
What are the prime factors of 2936?
2, 367
List the prime factors of 7934.
2, 3967
List the prime factors of 1603.
7, 229
What are the prime factors of 31579?
23, 1373
What are the prime factors of 4450?
2, 5, 89
List the prime factors of 23854.
2, 11927
List the prime factors of 39013.
13, 3001
What are the prime factors of 8015?
5, 7, 229
List the prime factors of 15151.
109, 139
What are the prime factors of 3773?
7, 11
What are the prime factors of 17513?
83, 211
List the prime factors of 21156.
2, 3, 41, 43
What are the prime factors of 12591?
3, 1399
What are the prime factors of 1995?
3, 5, 7, 19
List the prime factors of 533.
13, 41
List the prime factors of 3457.
3457
What are the prime factors of 29105?
5, 5821
List the prime factors of 2228.
2, 557
List the prime factors of 30350.
2, 5, 607
What are the prime factors of 12985?
5, 7, 53
What are the prime factors of 24260?
2, 5, 1213
List the prime factors of 1482.
2, 3, 13, 19
What are the prime factors of 15852?
2, 3, 1321
What are the prime factors of 30285?
3, 5, 673
List the prime factors of 3221.
3221
List the prime factors of 37370.
2, 5, 37, 101
List the prime factors of 78785.
5, 7, 2251
List the prime factors of 285.
3, 5, 19
List the prime factors of 89505.
3, 5, 13, 17
List the prime factors of 8736.
2, 3, 7, 13
What are the prime factors of 963?
3, 107
List the prime factors of 3939.
3, 13, 101
What are the prime factors of 72778?
2, 36389
List the prime factors of 531.
3, 59
List the prime factors of 29979.
3, 3331
List the prime factors of 71260.
2, 5, 7, 509
List the prime factors of 344.
2, 43
What are the prime factors of 392?
2, 7
List the prime factors of 1165.
5, 233
What are the prime factors of 189412?
2, 47353
List the prime factors of 1534.
2, 13, 59
List the prime factors of 8148.
2, 3, 7, 97
List the prime factors of 2098.
2, 1049
List the prime factors of 352.
2, 11
What are the prime factors of 23262?
2, 3, 3877
What are the prime factors of 42516?
2, 3, 1181
What are the prime factors of 47323?
37, 1279
What are the prime factors of 61063?
227, 269
What are the prime factors of 34425?
3, 5, 17
What are the prime fact